{"id":63,"date":"2013-04-19T16:28:00","date_gmt":"2013-04-19T16:28:00","guid":{"rendered":"http:\/\/www.schuh-sport-schneck.de\/?page_id=63"},"modified":"2023-03-24T18:14:45","modified_gmt":"2023-03-24T18:14:45","slug":"schuh-sport-schneck-schuhe-sport-und-mode-seit-ueber-60-jahren","status":"publish","type":"page","link":"https:\/\/www.schuh-sport-schneck.de\/schuh-sport-schneck-schuhe-sport-und-mode-seit-ueber-60-jahren\/","title":{"rendered":"Schuh &#038; Sport Schneck &#8211; Schuhe, Sport und Mode seit \u00fcber 60 Jahren"},"content":{"rendered":"<p>Schuh &amp; Sport SCHNECK &#8211; das f\u00fchrende Sportmode-Gesch\u00e4ft in Gro\u00dfenl\u00fcder-M\u00fcs. Auf \u00fcber 300m\u00b2 zeigen wir Ihnen Damenschuhe, Herrenschuhe und Kinderschuhe von sportlich bis elegant, sowie Sportbekleidung und junge trendige Mode von \u00fcber 60 Marken Herstellern. Unser Sportangebot umfasst unter anderem den Bereich Outdoorsport, Wintersport, Radsport, Fu\u00dfball und vieles mehr. Wir freuen uns auf Ihren Besuch und beraten Sie gern.<\/p>\n<p>Als Familienunternehmen sch\u00e4tzen viele unserer Stammkunden unseren pers\u00f6nlichen Service und unser Fachwissen. Besonderen Wert legen wir auch auf unsere kleinen Kunden. Um diese gut zu beraten haben alle Mitarbeiter ein WMS (Weit-Mittel-Schmal) Mess-Diplom des Deutschen Schuh-Instituts. Ebenfalls haben wir langj\u00e4hrige Erfahrung im Kinderschuhverkauf. Als besonderen Service bieten wir unseren Kunden eine Schuhmachermeister-Werkstatt &#8211; Sprechen Sie uns einfach an.<\/p>\n<h3>Unser Schuh und Sport Angebot<\/h3>\n<p>Unser Schuh und Sport Laden wurde vergr\u00f6\u00dfert und komplett neu gestaltet. Im Rahmen der Neugestaltung wurden die TREND- und SKI-Abteilungen neu hinzugenommen. In unserer TREND-Abteilung finden Sie die neueste Mode f\u00fcr Jung &amp; Junggebliebene. Unsere Ski-Abteilung bietet ein umfangreiches Sortiment an Ski, Bekleidung und Schuhen an. Ein umfangreicher Wintersport-Service (Bindungseinstellung, Skiservice und vieles mehr im Hause&#8230; ) wird angeboten.<\/p>\n<p>Mitglied im weltweit gr\u00f6\u00dften Sport Einkaufsverband Intersport und kompetenter Ansprechpartner bei allen Fragen rund um den Sport.<\/p>\n","protected":false},"excerpt":{"rendered":"<p>Schuh &amp; Sport SCHNECK &#8211; das f\u00fchrende Sportmode-Gesch\u00e4ft in Gro\u00dfenl\u00fcder-M\u00fcs. Auf \u00fcber 300m\u00b2 zeigen wir Ihnen Damenschuhe, Herrenschuhe und Kinderschuhe von sportlich bis elegant, sowie Sportbekleidung und junge trendige Mode von \u00fcber 60 Marken Herstellern. Unser Sportangebot umfasst unter anderem den Bereich Outdoorsport, Wintersport, Radsport, Fu\u00dfball und vieles mehr. Wir freuen uns auf Ihren Besuch&hellip; <br \/> <a class=\"button small blue\" href=\"https:\/\/www.schuh-sport-schneck.de\/schuh-sport-schneck-schuhe-sport-und-mode-seit-ueber-60-jahren\/\">Weiterlesen<\/a><\/p>\n","protected":false},"author":1,"featured_media":0,"parent":0,"menu_order":0,"comment_status":"closed","ping_status":"closed","template":"page-templates\/homepage.php","meta":[],"_links":{"self":[{"href":"https:\/\/www.schuh-sport-schneck.de\/schuh-sport-schneck-schuhe-sport-und-mode-seit-ueber-60-jahren\/wp-json\/wp\/v2\/pages\/63"}],"collection":[{"href":"https:\/\/www.schuh-sport-schneck.de\/schuh-sport-schneck-schuhe-sport-und-mode-seit-ueber-60-jahren\/wp-json\/wp\/v2\/pages"}],"about":[{"href":"https:\/\/www.schuh-sport-schneck.de\/schuh-sport-schneck-schuhe-sport-und-mode-seit-ueber-60-jahren\/wp-json\/wp\/v2\/types\/page"}],"author":[{"embeddable":true,"href":"https:\/\/www.schuh-sport-schneck.de\/schuh-sport-schneck-schuhe-sport-und-mode-seit-ueber-60-jahren\/wp-json\/wp\/v2\/users\/1"}],"replies":[{"embeddable":true,"href":"https:\/\/www.schuh-sport-schneck.de\/schuh-sport-schneck-schuhe-sport-und-mode-seit-ueber-60-jahren\/wp-json\/wp\/v2\/comments?post=63"}],"version-history":[{"count":7,"href":"https:\/\/www.schuh-sport-schneck.de\/schuh-sport-schneck-schuhe-sport-und-mode-seit-ueber-60-jahren\/wp-json\/wp\/v2\/pages\/63\/revisions"}],"predecessor-version":[{"id":65,"href":"https:\/\/www.schuh-sport-schneck.de\/schuh-sport-schneck-schuhe-sport-und-mode-seit-ueber-60-jahren\/wp-json\/wp\/v2\/pages\/63\/revisions\/65"}],"wp:attachment":[{"href":"https:\/\/www.schuh-sport-schneck.de\/schuh-sport-schneck-schuhe-sport-und-mode-seit-ueber-60-jahren\/wp-json\/wp\/v2\/media?parent=63"}],"curies":[{"name":"wp","href":"https:\/\/api.w.org\/{rel}","templated":true}]}}